{"id":20,"date":"2012-11-19T19:32:27","date_gmt":"2012-11-19T19:32:27","guid":{"rendered":"https:\/\/cdc.usac.edu.gt\/?page_id=20"},"modified":"2019-02-19T16:46:35","modified_gmt":"2019-02-19T22:46:35","slug":"objetivos","status":"publish","type":"page","link":"https:\/\/cdc.usac.edu.gt\/?page_id=20","title":{"rendered":"Objetivos"},"content":{"rendered":"<p><strong>GENERAL<\/strong><\/p>\n<ul>\n<li>Disponer de informaci\u00f3n de calidad cient\u00edfica para la consulta y apoyo en la toma de decisi\u00f3n de los diversos usuarios relacionados al manejo y conservaci\u00f3n de la diversidad biol\u00f3gica y recursos naturales.<\/li>\n<\/ul>\n<hr \/>\n<p><strong>ESPEC\u00cdFICOS<\/strong><\/p>\n<ul>\n<li>Generar informaci\u00f3n por medio de investigaci\u00f3n que contribuya al conocimiento del patrimonio natural y cultural.<\/li>\n<li>Sistematizar (Capturar, compilar y procesar) informaci\u00f3n de diversidad biol\u00f3gica y de recursos naturales.<\/li>\n<li>Analizar la informaci\u00f3n para el uso en la toma de decisiones y el fortalecimiento del conocimiento cient\u00edfico.<\/li>\n<li>Proveer y difundir la informaci\u00f3n en distintos formatos para facilitar el acceso a los usuarios.<\/li>\n<\/ul>\n<div class=\"fb-like\" data-href=\"https:\/\/cdc.usac.edu.gt\/?page_id=20\" data-send=\"true\" data-width=\"450\" data-show-faces=\"true\"><\/div>\n","protected":false},"excerpt":{"rendered":"<p>GENERAL Disponer de informaci\u00f3n de calidad cient\u00edfica para la consulta y apoyo en la toma de decisi\u00f3n de los diversos usuarios relacionados al manejo y conservaci\u00f3n de la diversidad biol\u00f3gica y recursos naturales. ESPEC\u00cdFICOS Generar informaci\u00f3n por medio de investigaci\u00f3n<\/p>\n","protected":false},"author":1,"featured_media":0,"parent":2,"menu_order":3,"comment_status":"open","ping_status":"open","template":"","meta":{"footnotes":""},"class_list":["post-20","page","type-page","status-publish","hentry"],"_links":{"self":[{"href":"https:\/\/cdc.usac.edu.gt\/index.php?rest_route=\/wp\/v2\/pages\/20"}],"collection":[{"href":"https:\/\/cdc.usac.edu.gt\/index.php?rest_route=\/wp\/v2\/pages"}],"about":[{"href":"https:\/\/cdc.usac.edu.gt\/index.php?rest_route=\/wp\/v2\/types\/page"}],"author":[{"embeddable":true,"href":"https:\/\/cdc.usac.edu.gt\/index.php?rest_route=\/wp\/v2\/users\/1"}],"replies":[{"embeddable":true,"href":"https:\/\/cdc.usac.edu.gt\/index.php?rest_route=%2Fwp%2Fv2%2Fcomments&post=20"}],"version-history":[{"count":9,"href":"https:\/\/cdc.usac.edu.gt\/index.php?rest_route=\/wp\/v2\/pages\/20\/revisions"}],"predecessor-version":[{"id":620,"href":"https:\/\/cdc.usac.edu.gt\/index.php?rest_route=\/wp\/v2\/pages\/20\/revisions\/620"}],"up":[{"embeddable":true,"href":"https:\/\/cdc.usac.edu.gt\/index.php?rest_route=\/wp\/v2\/pages\/2"}],"wp:attachment":[{"href":"https:\/\/cdc.usac.edu.gt\/index.php?rest_route=%2Fwp%2Fv2%2Fmedia&parent=20"}],"curies":[{"name":"wp","href":"https:\/\/api.w.org\/{rel}","templated":true}]}}