{"id":41,"date":"2012-11-28T21:04:36","date_gmt":"2012-11-29T03:04:36","guid":{"rendered":"https:\/\/cdc.usac.edu.gt\/?page_id=41"},"modified":"2025-05-06T16:47:28","modified_gmt":"2025-05-06T22:47:28","slug":"extension","status":"publish","type":"page","link":"https:\/\/cdc.usac.edu.gt\/?page_id=41","title":{"rendered":"Extensi\u00f3n"},"content":{"rendered":"<div id=\"fb-root\"><\/div>\n<div><strong style=\"font-size: 16px;\">a) Asesor\u00edas:<\/strong><\/div>\n<p>El CDC hasta la fecha ha brindado asesor\u00eda a m\u00e1s de 5000 usuarios que han acudido en busca de informaci\u00f3n especializada en los campos de: \u00c1reas Protegidas y Manejo, Fauna y Flora Silvestre, Sistemas de Informaci\u00f3n Geogr\u00e1fica y otros temas.<\/p>\n<p>En general el 92% de usuarios son nacionales; el resto incluye a cient\u00edficos y t\u00e9cnicos de diferentes nacionalidades.<\/p>\n<p>Se brinda atenci\u00f3n personalizada a estudiantes universitarios, investigadores y docentes adem\u00e1s de brindar asesor\u00eda t\u00e9cnica para la declaraci\u00f3n de Reservas Privadas.<\/p>\n<p><strong>b) Dict\u00e1menes T\u00e9cnicos:<\/strong><\/p>\n<p>El CDC-Guatemala\u00a0 como parte de la universidad p\u00fablica nacional contribuye en la asesor\u00eda y elaboraci\u00f3n de dict\u00e1menes t\u00e9cnicos sobre aspectos relativos a la diversidad biol\u00f3gica, a solicitud de las unidades internas del CECON, instituciones gubernamentales y otras con objetivos afines.<\/p>\n<p><strong>c) Actividades interinstitucionales:<\/strong><\/p>\n<p>Desde sus inicios el CDC ha colaborado y complementado el trabajo de otras instituciones y organizaciones tanto gubernamentales como privadas, a trav\u00e9s de la generaci\u00f3n, procesamiento y disponibilidad de la informaci\u00f3n biol\u00f3gica.<\/p>\n<p><strong>c.1) Instituciones:<\/strong><\/p>\n<ul>\n<li>Comisiones de Medio Ambiente y Ciencias del Oc\u00e9ano, de la Tierra y el Espacio del Consejo Nacional de Ciencia y tecnolog\u00eda (CONCYT)<\/li>\n<li>Comisiones de Medio Ambiente y Ciencias del Oc\u00e9ano, de la Tierra y el Espacio del Consejo Nacional de Ciencia y tecnolog\u00eda (CONCYT).<\/li>\n<li>Consejo Nacional de \u00c1reas Protegidas CONAP (Depto. de vida silvestre y OTECBIO).<\/li>\n<li>Ministerio de Agricultura, Ganader\u00eda y Alimentaci\u00f3n\/ Instituto Nacional de Bosques (MAGA\/INAB).<\/li>\n<li>Asociaci\u00f3n de Reservas Privadas, Mesa de Aviturismo.<\/li>\n<li>PROPETEN.<\/li>\n<li>Organizaci\u00f3n Nacional de Conservaci\u00f3n Ambiental (ONCA).<\/li>\n<li>Fundaci\u00f3n para el Ecodesarrollo y la Conservaci\u00f3n (FUNDAECO).<\/li>\n<li>Defensores de la Naturaleza (FDN).<\/li>\n<li>Instituto de Investigaciones Qu\u00edmicas y Biol\u00f3gicas (IIQB\/USAC).<\/li>\n<li>Direcci\u00f3n General de Investigaci\u00f3n (DIGI\/USAC).<\/li>\n<li>Herbario y Laboratorio de Entomolog\u00eda Sistem\u00e1tica &#8211; Universidad del Valle.<\/li>\n<\/ul>\n<p><strong>c.2) Representantes Institucionales:<\/strong><\/p>\n<ul>\n<li>Consejo Nacional de \u00c1reas Protegidas<br \/>\nRepresentante suplente del CECON: Mercedes Barrios<\/li>\n<li>Oficina Intersectorial de Ambiente-OCSE\/Ambiente<br \/>\nRepresentante del CECON e Integrantes del grupo Editor: Rebeca Orellana y Claudia Burgos<\/li>\n<li>Mesa Nacional de Cambio Clim\u00e1tico<br \/>\nRepresentante del CECON: Miguel Flores<\/li>\n<li>Comisi\u00f3n Interinstitucional de Medio Ambiente \u2013CIMA-<br \/>\nRepresentante del CECON: Titular\u00a0Manolo Garc\u00eda\u00a0y Suplente Rebeca Orellana<\/li>\n<li>Mesa Nacional de Aviturismo<br \/>\nRepresentante del CECON: Claudia Burgos<\/li>\n<li>Comisi\u00f3n de Inform\u00e1tica del Consejo Nacional de Ciencia y Tecnolog\u00eda<br \/>\nRepresentante del CECON: Daunno Chew<\/li>\n<li>Direcci\u00f3n General de Investigaci\u00f3n, Universidad de San Carlos de Guatemala<br \/>\nConsejo Coordinador e Impulsor de la Investigaci\u00f3n<br \/>\nRepresentante Titular del CECON: Mercedes Barrios.<\/li>\n<li>Comisi\u00f3n de Auto evaluaci\u00f3n para acreditaci\u00f3n internacional de la Carrera de Bi\u00f3logo.<br \/>\nRepresentante del CECON: Mercedes Barrios.<\/li>\n<li>Mesa de monitoreo de la Selva Maya<br \/>\nRepresentante suplente del CECON: Manolo Garc\u00eda<\/li>\n<li>CONADIBIO<br \/>\nRepresentante\u00a0titular de Redfia<\/li>\n<\/ul>\n<p><strong>d) Intercambio de Experiencias:<\/strong><\/p>\n<p>El CDC por medio de sus diferentes \u00e1reas tem\u00e1ticas e investigadores, mantiene comunicaci\u00f3n constante con otras instituciones, la participaci\u00f3n activa en seminarios y conferencias para la presentaci\u00f3n de resultados de investigaci\u00f3n, foros de expertos, contribuci\u00f3n biol\u00f3gica a diversos niveles (nacional e internacional), compartir experiencias y apoyo a la docencia.<\/p>\n<p><strong>d.1) Nacionales:<br \/>\n<\/strong><\/p>\n<p><strong>d.1.1) Presentaci\u00f3n de Resultados de Investigaci\u00f3n<\/strong><\/p>\n<ul>\n<li>Talleres para presentaci\u00f3n de resultados del proyecto \u00abEl Tapir Centroamericano (Tapirus baiirdi) como herramienta para el fortalecimiento del SIGAP<\/li>\n<li>Talleres para presentaci\u00f3n de resultados del proyecto \u00abEstado Actual de Conservaci\u00f3n del Tapir (Tapirus baiirdi) en el SIGAP (fase I y II) y discusi\u00f3n de la estrategia nacional para la conservaci\u00f3n del tapir. ( Se realizaron 5 talleres en Guatemala, Pet\u00e9n, Izabal y Alta verapaz durante los meses de noviembre 2008 y febrero 2009)<\/li>\n<\/ul>\n<p><strong>d.1.2) Elaboraci\u00f3n de estrategias conjuntas<\/strong><\/p>\n<ul>\n<li>Primera reuni\u00f3n de estrategias y conservaci\u00f3n del Quetzal y presentaci\u00f3n del proyecto Quetzal Resplandeciente del HRC. \u00a0(Guatemala, 16 de marzo de 2010).<\/li>\n<li>Ponencia: Estrategias para la conservaci\u00f3n del h\u00e1bitat del tapir en Guatemala. \u00a0( Se realizaron cuatro talleres en los departamentos de: Guatemala, Pet\u00e9n, Izabal y Alta Verapaz durante los meses de octubre y noviembre de 2009)<\/li>\n<\/ul>\n<p><strong>d.1.3) Participaci\u00f3n en Seminarios, Talleres, encuentros \u00a0y \u00a0Congresos<\/strong><\/p>\n<ul>\n<li>I Seminario de Investigaciones para la Conservaci\u00f3n de los Ecosistemas del Altiplano Central, con \u00e9nfasis en la Reserva de Usos M\u00faltiples de la Cuenca del Lago de Atitl\u00e1n, Organizado por TNC, del 26 al 28 de noviembre del 2008 Panajachel, Solol\u00e1.<\/li>\n<li>Participaci\u00f3n en la clausura del Programa Galileo 2008, Universidad de San Carlos de Guatemala.<\/li>\n<li>Ponencia: La flora y la fauna silvestres de Guatemala. \u00a0(Nueva Guatemala de la Asunci\u00f3n, 6 de noviembre de 2008).<\/li>\n<li>Participaci\u00f3n en el V Encuentro Nacional de Guarda Recursos de Guatemala.<\/li>\n<li>Ponencia: La cosmovisi\u00f3n de los Pueblos y la conservaci\u00f3n de la Naturaleza. \u00a0(Cob\u00e1n, Alta Verapaz 3 de octubre de 2008).<\/li>\n<li>Participaci\u00f3n en la Semana del XC Aniversario de la Facultad CC.QQ. y Farmacia.<\/li>\n<li>Ponencia 1: La importancia de la investigaci\u00f3n en las \u00e1reas protegidas.<\/li>\n<li>Ponencia 2: Cacao, cultivos alternativos de alto valor para la restauraci\u00f3n de selvas lluviosas calidas en Alta Verapaz,<\/li>\n<li>Ponencia 3: Distribuci\u00f3n potencial del tapir<\/li>\n<li>Simposio: Mesa de Aviturismo 8\/9\/08.<\/li>\n<li>Simposio de \u00c1reas Protegidas del CECON del 8 al 9 de sep. 2008. (Ciudad Universitaria, Nueva Guatemala de la Asunci\u00f3n, 8 al 11 de septiembre de 2008).<\/li>\n<li>Participaci\u00f3n en el IX Coloquio Guatemalteco de Arte Rupestre.<\/li>\n<li>Calidad: sin ponencia, asistencia por capacitaci\u00f3n profesional y presencia institucional. (Nueva Guatemala de la Asunci\u00f3n, 3-6 de septiembre de 2008).<\/li>\n<li>Participaci\u00f3n en la Competencia Nacional de la XXI edici\u00f3n de la Olimp\u00edada Nacional de Ciencias 2008<\/li>\n<li>Ponencia: La diversidad biol\u00f3gica de Guatemala. (Nueva Guatemala de la Asunci\u00f3n, 2 de septiembre de 2008).<\/li>\n<li>Participaci\u00f3n en los talleres de elaboraci\u00f3n y discusi\u00f3n del Plan Estrat\u00e9gico para la Oficina Coordinadora Sectorial de Estad\u00edsticas de Recursos naturales 2008-2012<\/li>\n<li>Participaci\u00f3n en los talleres de discusi\u00f3n y revisi\u00f3n de los documentos de: Pol\u00edtica de Investigaci\u00f3n, Pol\u00edtica de \u00c1reas Protegidas y Plan estrat\u00e9gico de CECON.<\/li>\n<\/ul>\n<p><strong>d.2) Internacionales<\/strong><\/p>\n<p>Participaci\u00f3n en congresos, reuniones y talleres<\/p>\n<ul>\n<li>XIII Congreso de la SMBC en Belice City, Belice 2009 (el de El Salvador fue el XII)<\/li>\n<li>1er Congreso Latinoamericano de la Asociaci\u00f3n Internacional de Ecolog\u00eda del Paisaje (IALE). Campos do Jordao, Sao Paulo, Brasil 2009.<\/li>\n<li>IV Simposio Internacional del Tapir, Grupo de Especialistas del Tapir de la UICN. Playa del Carmen, M\u00e9xico 2008. 2)<\/li>\n<li>Participaci\u00f3n en el Informe de Pa\u00eds. FAO 2008<\/li>\n<li>Participaci\u00f3n Congreso de la Sociedad Mesoamericana para la Biolog\u00eda y la Conservaci\u00f3n, San Salvador, del 10 al 14 noviembre del 2008.<\/li>\n<li>Participaci\u00f3n en la reuni\u00f3n de Sobre la Conservaci\u00f3n de los Recursos bi\u00f3ticos, con rumbo a la sociedad del Conocimiento, Red Mesoamericana de Recursos Bi\u00f3ticos, Universidad Nacional del Salvador, San Salvador noviembre, 2008.<\/li>\n<li>Participaci\u00f3n en el IX Congreso Nacional de Mastozoolog\u00eda. Presentaci\u00f3n del poster: Ensambles de Mam\u00edferos menores en diferentes h\u00e1bitats del Biotopo del Quetzal y su \u00e1rea de amortiguamiento, Purulh\u00e1 Guatemala. (Autl\u00e1n, Jalisco, M\u00e9xico, 22-26 de septiembre de 2008).<\/li>\n<li>II Conferencia de Conservaci\u00f3n de la Red de Am\u00e9rica Latina y el Caribe 2008 \u201cRED ARRIBA\u201d. Manejo de Informaci\u00f3n para la Conservaci\u00f3n.<\/li>\n<\/ul>\n<ul>\n<li><span style=\"color: #333333; font-style: normal; line-height: 24px;\">Ponencia: Regiones semi\u00e1ridas de Guatemala. (Ciudad de Panam\u00e1 del 25 al 27 de agosto del 2008).<\/span>Participaci\u00f3n en el Simposio Internacional de Investigaci\u00f3n y Etnociencias en Am\u00e9rica Latina.<\/li>\n<li>Ponencia 1: Guatemala, tierra de \u00e1rboles m\u00e1gicos, sagrados y notables.<\/li>\n<li>Ponencia 2: Expresiones culturales y etnobiolog\u00eda en Guatemala; nuevas consideraciones te\u00f3ricas.<\/li>\n<li>Ponencia 3: El cacao cultivo alternativo de alto valor (Nueva Guatemala de la Asunci\u00f3n, 22 y 23 de agosto de 2008).<\/li>\n<\/ul>\n<ul>\n<li>Visita al CDC de Ontario y Participaci\u00f3n en la reuni\u00f3n del Joint Management group de Nature Serve, de la red hemisf\u00e9rica de Centros de Datos para la Conservaci\u00f3n y evaluaci\u00f3n del Plan 2008 y elaboraci\u00f3n de las metas 2009, Arlington, VA, del 14 al 26 de enero 2008.<\/li>\n<li>Participaci\u00f3n en la reuni\u00f3n del Joint Management group de Nature Serve, de la red hemisf\u00e9rica de Centro de Datos para la Conservaci\u00f3n, con el objeto de realizar la evaluaci\u00f3n del Plan 2008 y elaboraci\u00f3n de las metas 2009, Arlington, VA, del 14 al 26 de enero 2008.<\/li>\n<li>Primer Encuentro Internacional para el Estudio y la Conservaci\u00f3n del Quetzal Resplandeciente. San Jos\u00e9, Costa Rica y San Gerardo de Dota, Costar Rica del 14 al 17 de marzo de 2008<\/li>\n<\/ul>\n<div class=\"fb-like\" data-show-faces=\"true\" data-width=\"450\" data-send=\"true\" data-href=\"https:\/\/cdc.usac.edu.gt\/?page_id=41\"><\/div>\n","protected":false},"excerpt":{"rendered":"<p>a) Asesor\u00edas: El CDC hasta la fecha ha brindado asesor\u00eda a m\u00e1s de 5000 usuarios que han acudido en busca de informaci\u00f3n especializada en los campos de: \u00c1reas Protegidas y Manejo, Fauna y Flora Silvestre, Sistemas de Informaci\u00f3n Geogr\u00e1fica y<\/p>\n","protected":false},"author":1,"featured_media":0,"parent":0,"menu_order":4,"comment_status":"open","ping_status":"closed","template":"","meta":{"footnotes":""},"class_list":["post-41","page","type-page","status-publish","hentry"],"_links":{"self":[{"href":"https:\/\/cdc.usac.edu.gt\/index.php?rest_route=\/wp\/v2\/pages\/41"}],"collection":[{"href":"https:\/\/cdc.usac.edu.gt\/index.php?rest_route=\/wp\/v2\/pages"}],"about":[{"href":"https:\/\/cdc.usac.edu.gt\/index.php?rest_route=\/wp\/v2\/types\/page"}],"author":[{"embeddable":true,"href":"https:\/\/cdc.usac.edu.gt\/index.php?rest_route=\/wp\/v2\/users\/1"}],"replies":[{"embeddable":true,"href":"https:\/\/cdc.usac.edu.gt\/index.php?rest_route=%2Fwp%2Fv2%2Fcomments&post=41"}],"version-history":[{"count":13,"href":"https:\/\/cdc.usac.edu.gt\/index.php?rest_route=\/wp\/v2\/pages\/41\/revisions"}],"predecessor-version":[{"id":1224,"href":"https:\/\/cdc.usac.edu.gt\/index.php?rest_route=\/wp\/v2\/pages\/41\/revisions\/1224"}],"wp:attachment":[{"href":"https:\/\/cdc.usac.edu.gt\/index.php?rest_route=%2Fwp%2Fv2%2Fmedia&parent=41"}],"curies":[{"name":"wp","href":"https:\/\/api.w.org\/{rel}","templated":true}]}}